{"id":6201,"date":"2022-05-04T11:34:27","date_gmt":"2022-05-04T11:34:27","guid":{"rendered":"https:\/\/institutfrancais.me\/?page_id=6201"},"modified":"2023-02-23T14:43:13","modified_gmt":"2023-02-23T13:43:13","slug":"test-znanja-francuskog-jezika-tcf","status":"publish","type":"page","link":"https:\/\/institutfrancais.me\/fr\/test-znanja-francuskog-jezika-tcf\/","title":{"rendered":"Test de connaissance du fran\u00e7ais (TCF)"},"content":{"rendered":"<figure class=\"wp-block-image size-large is-resized\"><img loading=\"lazy\" decoding=\"async\" src=\"https:\/\/institutfrancais.me\/wp-content\/uploads\/2022\/05\/FEI_TCF_RVB-1024x228.png\" alt=\"\" class=\"wp-image-6599\" width=\"768\" height=\"171\" srcset=\"https:\/\/institutfrancais.me\/wp-content\/uploads\/2022\/05\/FEI_TCF_RVB-1024x228.png 1024w, https:\/\/institutfrancais.me\/wp-content\/uploads\/2022\/05\/FEI_TCF_RVB-300x67.png 300w, https:\/\/institutfrancais.me\/wp-content\/uploads\/2022\/05\/FEI_TCF_RVB-768x171.png 768w, https:\/\/institutfrancais.me\/wp-content\/uploads\/2022\/05\/FEI_TCF_RVB-1536x343.png 1536w, https:\/\/institutfrancais.me\/wp-content\/uploads\/2022\/05\/FEI_TCF_RVB-947x211.png 947w, https:\/\/institutfrancais.me\/wp-content\/uploads\/2022\/05\/FEI_TCF_RVB-624x139.png 624w, https:\/\/institutfrancais.me\/wp-content\/uploads\/2022\/05\/FEI_TCF_RVB.png 1784w\" sizes=\"auto, (max-width: 768px) 100vw, 768px\" \/><\/figure>\n\n\n\n<p>Le Test de Connaissance du Fran\u00e7ais (TCF) est un test de niveau linguistique en fran\u00e7ais langue g\u00e9n\u00e9rale. Destin\u00e9 \u00e0 tous les publics non francophones qui souhaitent tester et d\u00e9terminer leurs connaissances de la langue fran\u00e7aise pour des raisons professionnelles, personnelles ou d'\u00e9tudes.<\/p>\n\n\n\n<p>Il existe quatre versions diff\u00e9rentes de TCF :<\/p>\n\n\n\n<ul class=\"wp-block-list\">\n<li>Si vous souhaitez int\u00e9grer une 1\u00e8re ann\u00e9e de licence dans une universit\u00e9 fran\u00e7aise ou une \u00e9cole d\u2019architecture fran\u00e7aise, choisissez le TCF TP (avec expression \u00e9crite obligatoire).<\/li>\n\n\n\n<li>Si vous devez justifier de votre niveau de fran\u00e7ais dans le cadre d\u2019une demande de naturalisation, de carte de r\u00e9sident ou d\u2019int\u00e9gration, choisissez le TCF IRN (Int\u00e9gration, R\u00e9sidence et Nationalit\u00e9).<\/li>\n\n\n\n<li>Si vous souhaitez vous installer durablement au Qu\u00e9bec ou au Canada, vous devez \u00e9valuer votre niveau de fran\u00e7ais dans le cadre de votre proc\u00e9dure d\u2019immigration. Dans ce cas, choisissez le TCF QC (pour le Qu\u00e9bec) ou le TCF CA (pour le Canada).<\/li>\n\n\n\n<li>Si vous souhaitez \u00e9valuer vos comp\u00e9tences en fran\u00e7ais pour des raisons personnelles, acad\u00e9miques ou professionnelles, choisissez le TCF TP (Tout Public).<\/li>\n<\/ul>\n\n\n\n<p>Chaque version de TCF est compos\u00e9e d\u2019\u00e9preuves diff\u00e9rentes, obligatoires ou compl\u00e9mentaires.<\/p>\n\n\n\n<p>Les r\u00e9sultats sont connus imm\u00e9diatement apr\u00e8s l'\u00e9preuve (sauf pour l'expression \u00e9crite). La confirmation officielle des r\u00e9sultats vous sera envoy\u00e9e dans les 15 jours qui suivent l\u2019examen.<\/p>\n\n\n\n<p><a rel=\"noreferrer noopener\" href=\"https:\/\/institutfrancais.me\/wp-content\/uploads\/2023\/02\/Grille-de-niveaux-TCF.pdf\" data-type=\"URL\" data-id=\"https:\/\/institutfrancais.me\/wp-content\/uploads\/2023\/02\/Grille-de-niveaux-TCF.pdf\" target=\"_blank\"><strong><mark style=\"background-color:rgba(0, 0, 0, 0);color:#565656\" class=\"has-inline-color\">Vous trouverez ici un tableau avec les niveaux du TCF<\/mark><\/strong><\/a><\/p>\n\n\n\n<p>Pour plus d'informations sur le test de langue fran\u00e7aise (TCF) et des exemples de l'examen, visitez la page France \u00c9ducation international : <a href=\"https:\/\/www.france-education-international.fr\/test\/tcf-tout-public?langue=fr\">https:\/\/www.france-education-international.fr\/test\/tcf-tout-public?langue=fr <\/a><\/p>\n\n\n\n<p>Le certificat est valable deux ans. La demande se fait aupr\u00e8s de l\u2019Institut fran\u00e7ais du Mont\u00e9n\u00e9gro qui confirme les dates disponibles pour le passage de l\u2019examen.<\/p>","protected":false},"excerpt":{"rendered":"<p>TCF je test za odre\u0111ivanje op\u0161teg nivoa znanja francuskog jezika. Namijenjen je svim nefrankofonim kandidatima koji \u017eele da, zbog profesionalnih, [&hellip;]<\/p>\n","protected":false},"author":1,"featured_media":0,"parent":0,"menu_order":0,"comment_status":"closed","ping_status":"closed","template":"","meta":{"footnotes":""},"class_list":["post-6201","page","type-page","status-publish","hentry"],"_links":{"self":[{"href":"https:\/\/institutfrancais.me\/fr\/wp-json\/wp\/v2\/pages\/6201","targetHints":{"allow":["GET"]}}],"collection":[{"href":"https:\/\/institutfrancais.me\/fr\/wp-json\/wp\/v2\/pages"}],"about":[{"href":"https:\/\/institutfrancais.me\/fr\/wp-json\/wp\/v2\/types\/page"}],"author":[{"embeddable":true,"href":"https:\/\/institutfrancais.me\/fr\/wp-json\/wp\/v2\/users\/1"}],"replies":[{"embeddable":true,"href":"https:\/\/institutfrancais.me\/fr\/wp-json\/wp\/v2\/comments?post=6201"}],"version-history":[{"count":15,"href":"https:\/\/institutfrancais.me\/fr\/wp-json\/wp\/v2\/pages\/6201\/revisions"}],"predecessor-version":[{"id":7263,"href":"https:\/\/institutfrancais.me\/fr\/wp-json\/wp\/v2\/pages\/6201\/revisions\/7263"}],"wp:attachment":[{"href":"https:\/\/institutfrancais.me\/fr\/wp-json\/wp\/v2\/media?parent=6201"}],"curies":[{"name":"wp","href":"https:\/\/api.w.org\/{rel}","templated":true}]}}

Test de connaissance du français (TCF)

<figure class="wp-block-image size-large is-resized"><img loading="lazy" decoding="async" src="https://institutfrancais.me/wp-content/uploads/2022/05/FEI_TCF_RVB-1024x228.png" alt="" class="wp-image-6599" width="768" height="171" srcset="https://institutfrancais.me/wp-content/uploads/2022/05/FEI_TCF_RVB-1024x228.png 1024w, https://institutfrancais.me/wp-content/uploads/2022/05/FEI_TCF_RVB-300x67.png 300w, https://institutfrancais.me/wp-content/uploads/2022/05/FEI_TCF_RVB-768x171.png 768w, https://institutfrancais.me/wp-content/uploads/2022/05/FEI_TCF_RVB-1536x343.png 1536w, https://institutfrancais.me/wp-content/uploads/2022/05/FEI_TCF_RVB-947x211.png 947w, https://institutfrancais.me/wp-content/uploads/2022/05/FEI_TCF_RVB-624x139.png 624w, https://institutfrancais.me/wp-content/uploads/2022/05/FEI_TCF_RVB.png 1784w" sizes="auto, (max-width: 768px) 100vw, 768px" /></figure>



<p>Le Test de Connaissance du Français (TCF) est un test de niveau linguistique en français langue générale. Destiné à tous les publics non francophones qui souhaitent tester et déterminer leurs connaissances de la langue française pour des raisons professionnelles, personnelles ou d'études.</p>



<p>Il existe quatre versions différentes de TCF :</p>



<ul class="wp-block-list">
<li>Si vous souhaitez intégrer une 1ère année de licence dans une université française ou une école d’architecture française, choisissez le TCF TP (avec expression écrite obligatoire).</li>



<li>Si vous devez justifier de votre niveau de français dans le cadre d’une demande de naturalisation, de carte de résident ou d’intégration, choisissez le TCF IRN (Intégration, Résidence et Nationalité).</li>



<li>Si vous souhaitez vous installer durablement au Québec ou au Canada, vous devez évaluer votre niveau de français dans le cadre de votre procédure d’immigration. Dans ce cas, choisissez le TCF QC (pour le Québec) ou le TCF CA (pour le Canada).</li>



<li>Si vous souhaitez évaluer vos compétences en français pour des raisons personnelles, académiques ou professionnelles, choisissez le TCF TP (Tout Public).</li>
</ul>



<p>Chaque version de TCF est composée d’épreuves différentes, obligatoires ou complémentaires.</p>



<p>Les résultats sont connus immédiatement après l'épreuve (sauf pour l'expression écrite). La confirmation officielle des résultats vous sera envoyée dans les 15 jours qui suivent l’examen.</p>



<p><a rel="noreferrer noopener" href="https://institutfrancais.me/wp-content/uploads/2023/02/Grille-de-niveaux-TCF.pdf" data-type="URL" data-id="https://institutfrancais.me/wp-content/uploads/2023/02/Grille-de-niveaux-TCF.pdf" target="_blank"><strong><mark style="background-color:rgba(0, 0, 0, 0);color:#565656" class="has-inline-color">Vous trouverez ici un tableau avec les niveaux du TCF</mark></strong></a></p>



<p>Pour plus d'informations sur le test de langue française (TCF) et des exemples de l'examen, visitez la page France Éducation international : <a href="https://www.france-education-international.fr/test/tcf-tout-public?langue=fr">https://www.france-education-international.fr/test/tcf-tout-public?langue=fr </a></p>



<p>Le certificat est valable deux ans. La demande se fait auprès de l’Institut français du Monténégro qui confirme les dates disponibles pour le passage de l’examen.</p>

<p>TCF je test za određivanje opšteg nivoa znanja francuskog jezika. Namijenjen je svim nefrankofonim kandidatima koji žele da, zbog profesionalnih, [&hellip;]</p>
